{"id":118,"date":"2022-07-22T22:39:01","date_gmt":"2022-07-22T22:39:01","guid":{"rendered":"https:\/\/www.adexsys.com\/?page_id=118"},"modified":"2023-02-08T22:22:04","modified_gmt":"2023-02-08T22:22:04","slug":"mentions-legales","status":"publish","type":"page","link":"https:\/\/www.adexsys.com\/index.php\/mentions-legales\/","title":{"rendered":"Mentions l\u00e9gales"},"content":{"rendered":"\n<p><strong>D\u00e9nomination sociale<\/strong>&nbsp;: SARL&nbsp;ADEXSYS&nbsp;<\/p>\n\n\n\n<p><strong>Si\u00e8ge social<\/strong>\u00a0: 54 Rue Charles Lorilleux 92800 Puteaux<br><strong>Email<\/strong>: Contact@adexsys.com<br><strong>RCS<\/strong>\u00a0NANTERRE 812 696 219<br><strong>Capital social<\/strong>\u00a0: 2 000 euros<br><strong>Directeur de la publication<\/strong>\u00a0: Brahim LARBI<br><strong>H\u00e9berg\u00e9 par<\/strong>\u00a0: OVH 2 rue Kellermann &#8211; 59100 Roubaix &#8211; France<\/p>\n\n\n\n<h2>Objet<\/h2>\n\n\n\n<p>Ce site a pour objet de communiquer des informations sur la soci\u00e9t\u00e9&nbsp; ADEXSYS. Ceci ne constitue qu&#8217;une pr\u00e9sentation des informations. Malgr\u00e9 les efforts fournis pour pr\u00e9senter des informations pr\u00e9cises et actualis\u00e9es,&nbsp;ADEXSYS&nbsp;n&#8217;apporte aucune garantie d&#8217;exactitude et d&#8217;exhaustivit\u00e9 des informations donn\u00e9es sur ce site, et ne saurait \u00eatre tenu pour responsable de tout dommage faisant suite \u00e0 l&#8217;utilisation de ces informations.&nbsp;ADEXSYS&nbsp;se r\u00e9serve le droit de modifier ce site et les informations qu&#8217;il contient \u00e0 tout moment.<\/p>\n\n\n\n<h2>Marques<\/h2>\n\n\n\n<p>Tout terme ou logo disponibles sur ce site sont susceptibles d&#8217;\u00eatre prot\u00e9g\u00e9s par les droits relatifs \u00e0 la propri\u00e9t\u00e9 intellectuelle ou par une marque. A ce titre, leur mention sur ce site n&#8217;accorde en aucune mani\u00e8re une licence ou un droit d&#8217;utilisation quelconque desdits termes ou logos.<\/p>\n\n\n\n<h2>Reproduction sur support papier ou sur support \u00e9lectronique<\/h2>\n\n\n\n<p>La reproduction des pages de ce site sur un support papier ou \u00e9lectronique est autoris\u00e9e, sous r\u00e9serve du respect des conditions suivantes<\/p>\n\n\n\n<p>gratuit\u00e9 de la diffusion,<\/p>\n\n\n\n<p>respect de l&#8217;int\u00e9grit\u00e9 des documents reproduits<\/p>\n\n\n\n<p><strong>Cr\u00e9dits Photos<\/strong><\/p>\n","protected":false},"excerpt":{"rendered":"<p>&nbsp;[&hellip;]<\/p>\n","protected":false},"author":1,"featured_media":0,"parent":0,"menu_order":0,"comment_status":"closed","ping_status":"closed","template":"","meta":[],"_links":{"self":[{"href":"https:\/\/www.adexsys.com\/index.php\/wp-json\/wp\/v2\/pages\/118"}],"collection":[{"href":"https:\/\/www.adexsys.com\/index.php\/wp-json\/wp\/v2\/pages"}],"about":[{"href":"https:\/\/www.adexsys.com\/index.php\/wp-json\/wp\/v2\/types\/page"}],"author":[{"embeddable":true,"href":"https:\/\/www.adexsys.com\/index.php\/wp-json\/wp\/v2\/users\/1"}],"replies":[{"embeddable":true,"href":"https:\/\/www.adexsys.com\/index.php\/wp-json\/wp\/v2\/comments?post=118"}],"version-history":[{"count":2,"href":"https:\/\/www.adexsys.com\/index.php\/wp-json\/wp\/v2\/pages\/118\/revisions"}],"predecessor-version":[{"id":152,"href":"https:\/\/www.adexsys.com\/index.php\/wp-json\/wp\/v2\/pages\/118\/revisions\/152"}],"wp:attachment":[{"href":"https:\/\/www.adexsys.com\/index.php\/wp-json\/wp\/v2\/media?parent=118"}],"curies":[{"name":"wp","href":"https:\/\/api.w.org\/{rel}","templated":true}]}}